 -5*q + 25, -4*i - 3 = 13. Let a(u) = -u**2 - 2*u - q + 4*u**2 + 0. Calculate a(-1).
4
Let x(f) = -2*f**2 - 6*f + 6. Let y(a) = 3*a**2 + 7*a - 7. Let r = -3 - 1. Let m(v) = r*x(v) - 3*y(v). Give m(4).
-7
Let u(m) = 22*m + 0*m**2 - 18*m + 4 + m**2. Suppose 5*k - 3*k + 6 = 0. Determine u(k).
1
Let t(p) be the third derivative of -p**4/24 + p**3/2 + p**2. Suppose -4*g - 27 = -5*y + 9, 2*g + 28 = 5*y. Determine t(y).
-1
Let h(s) = -3*s**3 - 20*s**2 - 6*s + 11. Let j(x) = x**3 + 7*x**2 + 2*x - 4. Let m(b) = -4*h(b) - 11*j(b). Give m(-2).
0
Suppose -5*s + 3*t = 4*t + 5, -3*s = -3*t - 15. Let g = s - -4. Let x(n) = -2 + 1 + 6 - 2*n. Determine x(g).
-3
Let f be 64/11 - (-22)/121. Let l(j) = -3*j + 9. What is l(f)?
-9
Let q(v) = v**2 + 4*v - 5. Let o = -11 - -5. Let r(a) = a**3 + 5*a**2 - 5*a - 8. Let f be r(o). Let z = 9 + f. Calculate q(z).
0
Let m(c) be the first derivative of c**2 - 7*c + 5. What is m(5)?
3
Let r(z) be the first derivative of -z**3/3 + 3*z**2/2 + 4*z - 23. Determine r(4).
0
Let x = 5 + -3. Let j = 4 + x. Let u(f) = 2*f - 3 - 4*f + j. Determine u(2).
-1
Suppose 3*m + 1 = 4*d - 3, -12 = 3*m. Let v(a) = -a - a**3 - 5*a**2 + 5 - 5 + 2. Determine v(d).
-8
Let t(f) = f**2 + 4*f - 3. Let c = 17 + -22. Determine t(c).
2
Let b(k) = 3*k**2 + 3 - 2*k**2 - 1 - 5*k. Let r be -9*(1/(-9))/((-3)/(-9)). Calculate b(r).
-4
Let d(f) be the second derivative of f**3/3 - 3*f**2/2 - 9*f. What is d(4)?
5
Let x(m) = -9*m**2 - 2*m + 1. Let f(c) = -c + 7. Suppose 0 = -j - 12 + 1. Let v = -5 - j. Let a be f(v). Give x(a).
-10
Let l be -5 - (-1 + 3 - 2). Suppose -2 = -2*p + 8. Let h(s) = 6 - 4*s + 4*s**2 + 0 - p*s**2. Give h(l).
1
Let l(b) be the first derivative of -7*b - 3/2*b**2 + 5 + 1/3*b**3. Let y(c) = -c + 1. Let w be y(-4). What is l(w)?
3
Let p be 12 + -1 + 3 + -2. Let q = p - 14. Let r(f) be the third derivative of -f**6/60 - f**5/60 + f**4/12 + f**3/3 - 2*f**2. Determine r(q).
10
Let s = 6 + -3. Let j(l) = -4*l - s - l - l**2 + 8 + 4*l. Calculate j(0).
5
Let v be (3/9)/(2/(-6)). Let o(z) = -3*z**2 + 3*z**2 + 2*z + 4*z**3 + 1. Determine o(v).
-5
Let r(m) be the third derivative of m**6/120 - m**5/12 + m**4/12 - 5*m**3/6 + 21*m**2. Determine r(4).
-13
Suppose 3*l - 4*l = -2. Let z(b) = b**2 + 8*b - 4. Let y(m) = -4*m**2 - 33*m + 16. Let f(v) = l*y(v) + 9*z(v). Give f(-7).
3
Let h be -4 + (6/10)/(-3)*5. Let x(u) = u**3 + 4*u**2 - 3*u. Give x(h).
-10
Let k be 2/(-4) - (-36)/(-8). Let y(q) = q - 3. Give y(k).
-8
Let j(f) = -f**2 + 2. Suppose 0 = l + 2*l + 3. Let z be l*(3 + 1 - 1). Let q = z + 0. Calculate j(q).
-7
Let c be 0 + (-2)/(-1) - 0. Let x(n) = -n**2 + 3 - 3*n - 7*n**c + 9*n**2. Let o = 8 - 5. Determine x(o).
3
Suppose 3*o + 2*a - 3*a = 3, o = -4*a + 14. Let l(s) = 5*s + 39*s**o + 11 - 2 - 38*s**2 - 2. Give l(-6).
13
Let w(q) = -5*q + 4. Let o(b) = -2*b + 2. Let r(v) = -7*o(v) + 3*w(v). Let s(p) = 2*p + 4. Let h(t) = 5*r(t) + 3*s(t). What is h(-6)?
-4
Let x(c) = c**2 - 9*c - 3. Let f be x(10). Let d(q) = -5*q**3 + f*q**2 + 2 - 3*q**2 + q**3 + 2*q + 3*q**3. What is d(4)?
10
Let q(w) = -w + 1. Let c(x) = 3*x - 5. Let p(z) = -c(z) - 4*q(z). Let j(u) = -5*u - 6 + 7*u**2 + 0 + u**3 - 2 - 2*u**3. Let o be j(6). Determine p(o).
-1
Suppose -3*g = -4*g + 2. Let w(r) = r**3 - 2*r**2 - 1. Give w(g).
-1
Let w(t) = -t - 2. Let o = -2 - -2. Calculate w(o).
-2
Let r = 18 + -26. Let d(o) = -o**3 - 7*o**2 + o + 1. Let w be d(-7). Let g = w - r. Let z(n) = 2*n**3 - 4*n**2 + 2*n + 2. Calculate z(g).
6
Let p = -1 - 9. Let h = p + 4. Let y(r) = -5*r + 4*r - 9 - 1. Give y(h).
-4
Let q(m) = -m**3 + 3*m**2 - 5*m + 2. Suppose 3 = 3*z - 2*z. Determine q(z).
-13
Suppose -3*f + 3 = -2*f. Let l(v) = -v**3 - 2*v**2 - 5*v + 3*v**2 + 3*v**2 + 2 + 0*v**3. Determine l(f).
-4
Let m = -2 - -3. Let n(y) = y**3 - y**2 - y. Let f(o) = -5*o**3 + 3*o**2 + 6. Let r(h) = m*f(h) + 6*n(h). Determine r(4).
-2
Let p(k) = -k**3 - k. Let m(y) = 3*y**3 - 7*y**2 - 8*y + 10. Let j(q) = -m(q) - 2*p(q). Calculate j(8).
6
Let u(q) = -3*q + 5 + 4*q - 1 + 7. Determine u(0).
11
Let i be 1/3*3*12. Let d be (i/7)/(-2)*-7. Let f = d + -6. Let b(m) = m**2 + m + 5. Determine b(f).
5
Let n(p) = -p**3 + 5*p**2 - 5*p + 3. Let r(q) = 8 + 6*q - 7*q + 2. Let x be r(7). Calculate n(x).
6
Let k(g) = -6*g + 7. Let n(r) = 3*r - 3. Let z(f) = -4*k(f) - 9*n(f). Suppose -27 = -5*l - u, -2*l - u + 8 + 1 = 0. Let s be (22/(-33))/((-4)/l). What is z(s)?
-4
Let r(c) = 51*c - 2 - 97*c + 52*c - c**2. Give r(5).
3
Let b(l) = -l**3 - l**2 - l - 1. Let x(d) = 4*d**3 + 4*d**2 + 6*d + 5. Let o(m) = 5*b(m) + x(m). What is o(-1)?
-1
Suppose -2*l + 5*q - 2*q = 5, 0 = 3*l + q - 20. Let r = 4 - 7. Let b = l + r. Let g(i) = 4*i - 1. Determine g(b).
7
Let x(r) = -4*r + 3. Suppose -c + 2*c = -4*z + 2, c = -2*z + 2. Suppose y = 5*g + 7, z = 5*y - 6*g + g - 15. Determine x(y).
-5
Let q(k) = -2*k**2 - 4*k - 8. Let s(r) = -r**2 - 5*r - 8. Let o(u) = -2*q(u) + 3*s(u). Calculate o(7).
-8
Let n(p) be the second derivative of p**5/20 + p**4/2 + p**3/2 - p**2 + 40*p. What is n(-5)?
8
Let y(o) = -o**3 - 5*o**2 - 5*o - 2. Let c(w) = -w**2 - 3*w + 1. Let b be c(-4). Let s be y(b). Let n(v) = -v**3 - 6*v**2 - 7*v - 4. Calculate n(s).
6
Let m(w) = -w**2 - 38*w**3 - 2*w + 39*w**3 + 4*w**2 - 2*w - 2. What is m(-4)?
-2
Let j(o) = -3. Let y = 22 - 20. Let i(g) = -g - 1. Let z(d) = y*i(d) + 2*j(d). What is z(-6)?
4
Let f be 2 - (4 + -4 - -10). Let z be (1 + 0)*(5 + f). Let k(l) = 2*l + 3. What is k(z)?
-3
Suppose 5*z - 14 - 31 = 0. Let j(v) = 2*v + 0*v**3 + z*v**2 - 14*v**2 + v**3. Determine j(4).
-8
Let z(x) = -2*x + 1. Let s(n) = 6*n - 4. Let q(r) = -3*s(r) - 8*z(r). Give q(3).
-2
Let o = -152 + 157. Let x(s) = 14*s - 10. Let a(h) = -5*h + 3. Let y(g) = -8*a(g) - 3*x(g). Calculate y(o).
-4
Suppose 2 = 2*z - 2. Let i(y) = 3*y**2 - 6 - 2*y + 4 - y**3 + 0*y**3. Give i(z).
-2
Let p(c) = c - 3. Let o = -2 + 7. Determine p(o).
2
Let b(c) = 9*c**3 - c**2 + 2*c - 5. Let z(r) = -11*r**3 - 3*r + 5. Let f(t) = 6*b(t) + 5*z(t). Calculate f(-6).
13
Suppose -7*u = -8*u. Suppose u = -x - 0*x + 3. Let d(n) = -n**3 - 3*n**2 + 1. Let r(l) = 2*l**3 + 3*l**2 - l - 1. Let b(k) = 3*d(k) + 2*r(k). Give b(x).
-5
Let g(y) = -y**3 + 4*y**2 - y. Let p(o) = -o**2 - o - 4. Let k be p(0). Let u = 2 - k. Suppose -w + 19 = 5*m, -15 = -5*m + w - u*w. Calculate g(m).
-4
Let g be -5*(-3 + 12/5). Let t be g*(-2 + (-24)/(-9)). Let a(i) = -3*i - 1. What is a(t)?
-7
Let c(k) = -20*k - 3. Let z be c(-3). Let n = z - 32. Suppose 5*d + n = -0*d. Let m(g) = -3*g - 4. What is m(d)?
11
Let k(d) = -d**2 - 2*d + 1. Suppose -4*c = -0*c. Suppose c*w = -5*w + 3*y - 6, 2*y + 18 = -4*w. Calculate k(w).
-2
Suppose n + n = -2*n. Let y(t) be the second derivative of t**3/6 - t**2 + t. Give y(n).
-2
Suppose -4 = -2*x - 2*x. Suppose 2 = -5*s + 3*q, -5*s = 4*q + 8 + x. Let o = -3 - s. Let u(w) = -w**3 - 4*w**2 - 2*w + 1. What is u(o)?
-3
Let f(r) = r**3 - 3*r**2 - 4*r - 1. Let g(d) = d**3 - 3*d**2 - 3*d. Let b(a) = -2*f(a) + 3*g(a). Suppose 0 = -5*s - 10, 5*m - s - 21 = 2*s. Give b(m).
-1
Let y(u) = -3*u**3 - u**2 + 1. Let m be y(1). Let c(j) = 3*j + 3. Give c(m).
-6
Suppose 2*c + 6 = 4*j, -2*c - 1 = -2*j + 1. Let u(h) = -2*h**3 + h**2 + h. Calculate u(j).
-10
Let c = 15 - 14. Let p(j) = 0*j - 2*j + 5*j - c. Give p(-3).
-10
Suppose 2*j - j + 4*v = 4, -14 = 3*j - v. Let q(h) = -h**3 - 6*h**2 - 4*h + 4. Determine q(j).
-12
Let u(i) = 3*i. Let k(y) = -3*y. Let g(c) = 7*k(c) + 6*u(c). Let d(b) = -5*b - 173. Let s be d(-34). Give g(s).
9
Let w = 10 - 8. Let m(x) = -7*x**2 + 8*x**2 + 0*x**2 + 3*x - 2. Give m(w).
8
Let m(z) = -z**3 + 7*z**2 - 4*z - 8. Let a(v) = -4*v - 2. Let b be a(-2). Determine m(b).
4
Let m(o) be the first derivative of 1/3*o**3 + 5/2*o**2 + 4*o - 1. Calculate m(-4).
0
Let s be 10 + (1/(-1))/(-1). Let h(v) = 5*v**2 - 7*v - 6. Let q(x) = 5 - 16*x**2 + 13*x + 7 + 7*x**2. Let m(o) = s*h(o) + 6*q(o). Determine m(0).
6
Let o(v) = -9*v**2 - 17*v + 3. Let b(d) = 5*d**2 + 9*d - 2. Let n(y) = 7*b(y) + 4*o(y). What is n(-4)?
2
Let k(m) = m**2 + 5*m + 6. Suppose 0 = -4*x + 2*f + 11 + 1, 0 = 3*f. Suppose -x*h - 12 = -h. Give k(h).
12
Let d = 120 + -75. Let s be d/6*(-2)/(-3). Suppose 2*h = 4, 0 = s*j - 2*h + 7*h + 10. Let g(o) = -o**2 - 2*o + 1. Determine g(j).
-7
Suppose -4*m = -0*m - 16. Suppose -m*c +